29 = -5*t + 5*b + 2181. Let f = -302459 + 302486. What is the highest common divisor of f and t?
27
Suppose -d = 3*d - 44. Let n = 11064 - 10943. Calculate the highest common factor of n and d.
11
Let z = -279 - -309. What is the highest common factor of 1335 and z?
15
Let k be 54/54*(-3)/((-3)/4). Suppose 131*r = 130*r + k. What is the greatest common divisor of r and 1?
1
Let n be (60/25 + 3)*105*6/7. What is the greatest common divisor of 1350 and n?
54
Let z = 109 + -79. Suppose 2*h - 25 = 5*v, 4*v + h + 6 = -14. Let y be 2/(3 + v) + (-2 - -213). What is the highest common factor of y and z?
30
Let p be (-5 - 3) + (-2)/(-1). Let k be (-2)/8 - ((-217)/4 - p). Calculate the highest common divisor of k and 240.
48
Let z = -97 - -37. Let p = -105 - z. Let c = p + 54. Calculate the highest common factor of 81 and c.
9
Suppose -2*j + r = 5, -5*j = -44*r + 39*r + 25. Suppose 0*b = -3*b + 123. Suppose j = -b*h + 38*h + 36. Calculate the greatest common factor of h and 12.
12
Let n(p) = -1842*p - 14638. Let u be n(-8). Suppose -2*m + 270 = 2*c, 0 = -5*m + 3*c + 2*c + 725. Calculate the greatest common divisor of m and u.
14
Suppose -2*j = -3*m - 3812, -4769 = -3*j - 2*m + 962. What is the greatest common divisor of 161 and j?
23
Let r(a) = a**3 - 12*a**2 + 25*a + 22. Let v be r(9). Suppose -52 = -5*n - v*o, -5*o - 8 = -3*n + 1. What is the greatest common factor of 56 and n?
8
Let b(k) = -2*k**2 - 191*k - 2695. Let c be b(-70). Calculate the highest common factor of c and 4900.
175
Suppose -57*k + 278 = -862. Suppose -6*h + 4 = -20. Suppose 0 = -4*c - 20, c - 495 = -9*l + h*l. Calculate the highest common divisor of k and l.
20
Let t = 11071 + -9151. What is the greatest common factor of 520 and t?
40
Let t be (4 - 259/14)*-14. Let b = 544 - t. What is the highest common factor of b and 11?
11
Let a = 1128 - 754. Let b = a - 182. What is the highest common factor of 3 and b?
3
Let n be (26*1)/(-5 - 106/(-22)). Let j = n - -171. Calculate the highest common divisor of j and 42.
14
Let y = -161 - -78. Let m be y/(-4) + 2/8. Let z(c) = 2*c**2 + 4*c + 5. Let x be z(-4). Calculate the greatest common divisor of m and x.
21
Let f = -85 + 170. Let j be (10/60*2)/((-1)/(-153)). Calculate the highest common factor of j and f.
17
Let j = -36 - -62. Suppose 3*c - j = -20. Let l be 18*(1/(c/(-3)) - -3). What is the highest common factor of l and 3?
3
Let m(y) = -12*y + 133. Let i be m(6). Suppose -552 = -i*x + 15*x. Calculate the greatest common factor of 492 and x.
12
Let g(c) = -c**2 - 11*c + 4. Let x be g(0). Let n(h) = -2*h + 9. Let y be n(x). What is the highest common factor of 10 and y?
1
Let q be 3/(-9) - (7272/(-27) + 4 - 1). What is the highest common divisor of 1178 and q?
38
Suppose 8028 = 4*t - 28*d + 26*d, 2*t = -d + 4018. Calculate the greatest common divisor of 8 and t.
8
Let i(x) = 2*x - 2. Let h be i(5). Let y be 111*(-8)/(-12)*2/(-4). Let w = y - -77. Calculate the highest common factor of h and w.
8
Let h be (-384)/40*360/(-27) + 4. Calculate the highest common factor of 4048 and h.
44
Let p be (8/6)/(9 - 38947/4335). What is the greatest common divisor of p and 10?
5
Let i(g) = 2*g**3 - 23*g**2 + 79*g + 30. Let d be i(5). What is the greatest common divisor of 1525 and d?
25
Let l = -530 - -1057. Let d = l + -249. Calculate the highest common divisor of 2 and d.
2
Let f be 34/12*43/((-1634)/(-7524)). Let t = 63 + -12. What is the highest common divisor of t and f?
51
Let c be 275/10*(-6)/(-5). What is the greatest common factor of 66 and c?
33
Let z be (4 - (-1 + 2)) + -6 + 2. Let q be (-4)/z + -4 + 2. Let t be (-130)/(-6)*(6/q - 0). Calculate the highest common factor of t and 13.
13
Suppose x + 196 = 4*m + 5, -201 = -4*m - x. Let q be (460/32)/((-35)/(-84)) + (-3)/(-6). What is the greatest common divisor of m and q?
7
Let n be (20/6)/((-4)/(-6)). Let s(r) = 3*r**2 + 4*r. Let t be s(n). Suppose 44*w - 19696 + 18860 = 0. Calculate the greatest common factor of t and w.
19
Let a = -7242 + 7258. What is the greatest common factor of a and 80?
16
Let r(o) = -2*o**3 - 11*o**2 + 8*o + 39. Let z be r(-7). Let x be (2 - (-1 + 3)) + -2. Let g = x + z. Calculate the highest common factor of g and 32.
32
Let v = -4000 + 4592. Calculate the greatest common divisor of v and 32.
16
Suppose 55*n - 52*n = -4*w + 814, w - 541 = -2*n. What is the highest common divisor of n and 3645?
135
Suppose 132*l - 51*l = 94659 + 49359. Calculate the highest common divisor of l and 14.
14
Let f(r) = 2*r**2 + r + 233. Let h be f(13). What is the highest common divisor of h and 1241?
73
Let a = 106 + 148. Suppose a + 106 = 8*w. Let t = 49 - w. What is the greatest common divisor of t and 1?
1
Let d(p) = -p**2 - 2*p + 7. Let x be (1 + -1)*(-2)/(-8)*2. Let j be d(x). Let h be 10 - (j + -7)*1/2. Calculate the greatest common divisor of 40 and h.
10
Suppose 3*w + 470 = -3*k + 2513, 5*w = 30. What is the highest common factor of k and 585?
45
Let r be 6/15 + 416/10. Suppose 5*o = -x - 14 + r, -5*o + 13 = -4*x. Let v be 45*((-1)/7 - (864/126 - 8)). What is the greatest common divisor of v and o?
5
Suppose 71*q - 24960 = 6*q. What is the greatest common divisor of q and 33?
3
Suppose 0 = -85*x + 8*x - 1549 + 7170. What is the greatest common factor of 584 and x?
73
Let j be -2*(4/12 - 49848/72). Calculate the greatest common divisor of j and 40.
8
Let t(c) = -c**3 - 30*c**2 + 30*c - 26. Let r be t(-31). Suppose r*l + 3472 = 19*l. Calculate the greatest common divisor of l and 62.
62
Suppose 0 = -c - 173 - 34. Let t = c + 217. Calculate the greatest common divisor of t and 12.
2
Let l = 20424 + -20417. Calculate the greatest common factor of 18697 and l.
7
Let r(p) = -p**2 + 11*p - 2. Let z = 184 + -174. Let c be r(z). Calculate the greatest common divisor of 32 and c.
8
Let f(x) = 2*x**2 - 8*x - 36. Let p be f(-11). Calculate the highest common divisor of 833 and p.
49
Let u = 32794 - 32598. What is the highest common factor of u and 400?
4
Suppose -o + 4*a = -173, 3*o = -9*a + 5*a + 567. Suppose -10*k + o = 25. Calculate the greatest common factor of 208 and k.
16
Suppose -482*a + 49 = -475*a. Let h(w) = w**3 - 7*w**2 - 4*w - 4. Let k be h(8). Calculate the highest common divisor of a and k.
7
Let y = 13499 + -13149. What is the greatest common factor of y and 420?
70
Let l(s) = s**3 + 41*s**2 - s - 41. Let o be l(-41). Suppose o*w + 5*w = -20, -j = -3*w - 92. Calculate the greatest common divisor of j and 120.
40
Let c = 87 + -96. Let q be 2/(-3)*c*2. Suppose -4*u - 5*d + 661 = -q, 3*u + 3*d - 501 = 0. Calculate the highest common divisor of 27 and u.
27
Let v be 17/4 + 798/456. What is the greatest common factor of 123 and v?
3
Let j(w) = -6*w + 149. Let n(o) = o**3 - 10*o**2 + 17*o - 56. Let s be n(9). Let b be j(s). What is the greatest common divisor of b and 583?
53
Let l = -1303 - -1348. What is the highest common divisor of l and 1245?
15
Let q = -89 + 97. Let k(i) = 67*i + 4. Let g be k(q). Suppose -4*a = -13*a + g. What is the highest common factor of a and 90?
30
Let b = -25 - -85. Let y = -37 + 39. Suppose 5 = y*q - 25. What is the highest common factor of q and b?
15
Let n = 53 + -28. Let i = 1406 - 700. Let m be (-1029)/686 - 2/((-8)/i). Calculate the highest common divisor of m and n.
25
Let b be (-1 + -9)/(2/27). Let l = b - -263. Suppose -28*z - 7*z - 122*z = -2512. What is the greatest common factor of z and l?
16
Suppose -44*m = -26*m - 216. Let f(i) = -113*i - 121. Let w be f(-5). Calculate the greatest common divisor of w and m.
12
Suppose -20*f - 489 = -17*f. Let d be -1*-4*(-2)/(-4) - f. What is the greatest common divisor of 22 and d?
11
Let x = 42 - 27. Let r(g) = 18 - 2*g + 3*g - x - 2*g. Let s be r(-9). What is the greatest common divisor of s and 36?
12
Suppose 30*j - 200 = -10*j. Suppose -j*o - m = -2*m - 25, 2*o = -m + 10. What is the highest common divisor of o and 320?
5
Suppose p + 5*c = 40 + 5, 0 = -5*p + 2*c + 333. Calculate the highest common factor of 3601 and p.
13
Let l be 122/(-4)*(4 + -2)*-4. Let f = l - 229. Calculate the highest common factor of 60 and f.
15
Let q(d) = -d**3 - 35*d**2 - 266*d - 41. Let n be q(-29). What is the greatest common divisor of n and 111?
37
Let f(d) = -1056*d - 4 + 1064*d + 18 - d**2. Let r be f(9). C